t is 12012 - 2000012122?
-2000000110
In base 14, what is -4 + -3262716?
-326271a
In base 13, what is -19156 - -460?
-189c6
In base 8, what is -533614 + 2327?
-531265
In base 12, what is 1 - 443752a?
-4437529
In base 10, what is -38 + 123685?
123647
In base 11, what is -5 - 287071a?
-2870724
In base 5, what is 1311343 - -12324?
1324222
In base 5, what is -1234423410 + 4?
-1234423401
In base 5, what is 214434132 - -3?
214434140
In base 5, what is 4 + -143122203101?
-143122203042
In base 12, what is -1331b - -565?
-12976
In base 9, what is -6386527 - -36?
-6386481
In base 7, what is 11264 - 1161635?
-1150341
In base 13, what is -347b08 - 16?
-347b21
In base 16, what is 9 + -104021?
-104018
In base 8, what is 4134 - 362132?
-355776
In base 16, what is 290a81 - 11?
290a70
In base 12, what is 4568266 + -3?
4568263
In base 11, what is -14 + 2137704?
21376a0
In base 6, what is -1032014 - 35510?
-1111524
In base 12, what is -8 + -450389?
-450395
In base 10, what is 1671 + -27261?
-25590
In base 4, what is 120000201 + -230233?
113103302
In base 11, what is -53 - 167266?
-167309
In base 14, what is 42abc9 - 9?
42abc0
In base 11, what is -761a5a7 - -5?
-761a5a2
In base 5, what is 2402114121 - -10?
2402114131
In base 5, what is 1040 - -121224320?
121230410
In base 13, what is -2b446c + -a?
-2b4479
In base 15, what is -e7 - -16a48?
16951
In base 3, what is -1011202202001 - 102?
-1011202202110
In base 3, what is 2002 - -122102121000?
122102200002
In base 2, what is 10011 + 101110110100110111110?
101110110100111010001
In base 7, what is 4006 + 12440?
16446
In base 8, what is 73135 - 2526?
70407
In base 7, what is 2332465 + -1205?
2331260
In base 16, what is -16d296 - 65?
-16d2fb
In base 6, what is 124311 - 145230?
-20515
In base 6, what is 13002013 - 3251?
12554322
In base 16, what is -12 - -8ea87f?
8ea86d
In base 10, what is 10587007 + 62?
10587069
In base 16, what is 4 + 3a74183?
3a74187
In base 15, what is -5 - -20bb56d?
20bb568
In base 3, what is -110 - 10111022220212?
-10111022221022
In base 13, what is -2c23 + 2c9c?
79
In base 16, what is c62dc - -38?
c6314
In base 9, what is 3 - 6273101?
-6273087
In base 6, what is 4155 - -402220?
410415
In base 15, what is -1baa51b0 + 1?
-1baa51ae
In base 4, what is -1213 + -22022221?
-22030100
In base 3, what is 12 - 12222001212101212?
-12222001212101200
In base 8, what is 162 - 513473?
-513311
In base 5, what is 0 + -31313413?
-31313413
In base 6, what is -10 - 21042453?
-21042503
In base 12, what is 5096142 - 0?
5096142
In base 5, what is -20 - 12213410301?
-12213410321
In base 16, what is -5 - -366fee1?
366fedc
In base 3, what is 12200212 + -1022100111?
-1002122122
In base 9, what is -13 - 3485766?
-3485780
In base 16, what is 6df - -3f99?
4678
In base 15, what is 5a76d - 47?
5a726
In base 15, what is -3 - 58b392?
-58b395
In base 15, what is -3d340 + -91?
-3d3d1
In base 4, what is -20101132 - 3101?
-20110233
In base 6, what is 1013151115 + -5?
1013151110
In base 4, what is 3203322011130 - 0?
3203322011130
In base 16, what is -a56a + -638f?
-108f9
In base 2, what is -10010001101011 + 110011100?
-10001011001111
In base 15, what is 79 - 4cd220?
-4cd196
In base 10, what is 141831130 + -1?
141831129
In base 15, what is -36398e - -13?
-36397b
In base 15, what is 5470 - 322?
514d
In base 11, what is 4 + -37a9555?
-37a9551
In base 14, what is -5bb8d16 - -1?
-5bb8d15
In base 3, what is 12 + 101101211110000121?
101101211110000210
In base 5, what is -24142 + 32202?
3010
In base 3, what is -120 + -11222121021?
-11222121211
In base 11, what is 3 + -537a912?
-537a90a
In base 6, what is 5540 + -23240401?
-23230421
In base 15, what is -2 - 84609c?
-84609e
In base 10, what is -148 + -1132031?
-1132179
In base 8, what is 4563712 - 5?
4563705
In base 3, what is 2221221200102202 - -1?
2221221200102210
In base 16, what is 7 - 21ce12?
-21ce0b
In base 10, what is 21 + -3499756?
-3499735
In base 10, what is -5 + -2068146?
-2068151
In base 10, what is -848 + 1964?
1116
In base 13, what is -205 + a838?
a633
In base 8, what is 62041563 + -7?
62041554
In base 4, what is 103303333 + 12231?
103322230
In base 11, what is 18245a7 - 42?
1824565
In base 4, what is 3301032 - 10001?
3231031
In base 10, what is 486 + -14498?
-14012
In base 4, what is -31121222121 - -3?
-31121222112
In base 11, what is -1 - -374925?
374924
In base 7, what is 40041452 + 15?
40041500
In base 3, what is 221 - 1220202122101212?
-1220202122100221
In base 2, what is 100101111001111101100 - -11110?
100101111010000001010
In base 12, what is 146744a70 - 0?
146744a70
In base 3, what is -2121011000120 + 2222?
-2121010220121
In base 5, what is 40310 + 3223323?
3314133
In base 4, what is -2130 + -123333?
-132123
In base 4, what is -121220102 + 103?
-121213333
In base 11, what is -512699 - 33?
-512721
In base 2, what is -110011110101100100100 - -1101110?
-110011110101010110110
In base 12, what is -83b43 - -437?
-83708
In base 15, what is -d - 78cb61?
-78cb6e
In base 9, what is 34357 - 70?
34277
In base 4, what is 311310321 - -2020?
311313001
In base 6, what is 10324 + 1304514?
1315242
In base 4, what is 202133 + -1032011210?
-1031203011
In base 13, what is -51c987b - 1?
-51c987c
In base 16, what is 2cad + -1088?
1c25
In base 16, what is 1 + -19394e4?
-19394e3
In base 2, what is 100 + 100111001000010110010001111?
100111001000010110010010011
In base 15, what is 1c51b + -48d?
1c07d
In base 13, what is 7021072 + -2?
7021070
In base 8, what is -15 + 4666764?
4666747
In base 6, what is -13304 - 1200531?
-1214235
In base 2, what is 11010101000110110110011 - 10?
11010101000110110110001
In base 11, what is 5 + 2394441?
2394446
In base 2, what is -1100100 - -10011011011001001110?
10011011010111101010
In base 7, what is 3030341 + -513?
3026525
In base 15, what is -918ea8 + -10?
-918eb8
In base 14, what is 0 - a21c46?
-a21c46
In base 8, what is -4356 - 117542?
-124120
In base 14, what is d2bc - -120?
d3dc
In base 6, what is 4 - 115005102035?
-115005102031
In base 11, what is -36535 - -87?
-36459
In base 14, what is -b65d476 + -3?
-b65d479
In base 4, what is 121 + 1002011101033?
1002011101220
In base 16, what is e - -be5?
bf3
In base 3, what is -1012112020021 - -21111?
-1012111221210
In base 5, what is 1001400414 + -1?
1001400413
In base 5, what is -30001 - -43334?
13333
In base 9, what is -68107 - 173?
-68281
In base 6, what is -3 - 14421413343?
-14421413350
In base 2, what is -100000110011101010101 - 11011?
-100000110011101110000
In base 14, what is -21a5 - 1ac5?
-3c8a
In base 15, what is 8d76c0 - -e?
8d76ce
In base 9, what is 18786800 - 4?
18786785
In base 15, what is -2 + 14a2597e?
14a2597c
In base 12, what is -13240b20 + 4?
-13240b18
In base 4, what is 2 - 12023212322120?
-12023212322112
In base 9, what is 34531508 - -1?
34531510
In base 15, what is -9bc64 + 145?
-9bb1e
In base 16, what is 314d35 - -2c?
314d61
In base 15, what is -35e - 2521?
-2880
In base 4, what is -1312 - 30132210133?
-30132212111
In base 10, what is -219 - 3586221?
-3586440
In base 15, what is -3 - e070c7?
-e070ca
In base 16, what is -2eeb85b + 0?
-2eeb85b
In base 10, what is -5 - 12247?
-12252
In base 10, what is -1815 - 12567?
-14382
In base 2, what is 100010100101011101100 - -11?
100010100101011101111
In base 8, what is -3126645 - -71?
-3126554
In base 13, what is -6c8 + 6597?
5b9c
In base 11, what is -4 + a84129?
a84125
In base 11, what is -1 - -4174793?
4174792
In base 16, what is -a + -19eca?
-19ed4
In base 7, what is -2 - 2633360256?
-2633360261
In base 6, what is 53333 - -432451?
530224
In base 14, what is -5 - -89381b?
893816
In base 10, what is 576 + -12156?
-11580
In base 3, what is 1102111222110 + -2020?
1102111220020
In base 15, what is da88c38 - -3?
da88c3b
In base 7, what is -343221 - 13656?
-360210
In base 8, what is 17 + -13557577?
-13557560
In base 16, what is -c856 - -317?
-c53f
In base 9, what is -4515 + 2621?
-1784
In base 8, what is -23076 + 212710?
167612
In base 16, what is 0 - 1e5615?
-1e5615
In base 14, what is -3 + 4a1063?
4a1060
In base 16, what is -2a56 - -579?
-24dd
In base 4, what is 32 - -220002000112?
220002000210
In base 6, what is -22204323 + -1404?
-22210131
In base 12, what is -10 - -59533a3?
5953393
In base 12, what is 52 - -7b872?
7b904
In base 5, what is -334312 + 24023?
-31